 2*j - x, -5*j = -8*s + 5*s + 190. List the prime factors of s.
5, 13
Let a = 36 + -18. Suppose -2*q + 3*t = -39, 4*q - t - 64 + 11 = 0. What are the prime factors of (a/q)/(2/12)?
3
Suppose 4*j - w = w - 2, 0 = -j + 2*w - 8. Suppose 2 = -z + j*z. Suppose 0 = -z*n + 28 - 6. What are the prime factors of n?
11
Let n(u) = 3*u - 6. Let i be n(3). Let c(k) = -2*k - 3*k**2 + 4*k**2 + 3*k**2. What are the prime factors of c(i)?
2, 3, 5
Let m be ((-3234)/(-56))/((-3)/(-8)). Suppose -3*w - 133 + m = 0. What are the prime factors of w?
7
Suppose -z - 8*h = -4*h - 402, 20 = 5*h. What are the prime factors of z?
2, 193
Let g(s) = 3*s**2. Let m be g(-1). Suppose -2*b + 161 = v, -3*v - 165 = m*b - 5*b. What are the prime factors of b?
3
Let x = -2552 + 3588. List the prime factors of x.
2, 7, 37
Suppose -85 - 7 = -w. Let n = w + -15. What are the prime factors of n?
7, 11
Let x = 30 + -25. Suppose n + x*b - 57 = 0, -4*n + b + 142 + 86 = 0. What are the prime factors of n?
3, 19
Let q(d) = 1 - d**3 + 13*d - 9 + 4*d**2 - 8. List the prime factors of q(5).
2, 3
Let k(n) = 3 - 5 - 15 + 2*n. What are the prime factors of k(11)?
5
Suppose -7*c = -16336 + 2987. What are the prime factors of c?
1907
Suppose r - 5*j = 8, -3*r + j + 10 = -0*j. Suppose r*l = 205 - 1. What are the prime factors of l?
2, 17
Let r be (-20)/15*(-9)/6. Let d(i) = -5*i**2 - 38*i + 4*i**r + 0*i**2 + 52*i - 7. List the prime factors of d(9).
2, 19
Let t(g) = -g - 3. Let q(h) = -h**3 + 13*h**2 + 14*h - 4. Let s be q(14). Let u be t(s). What are the prime factors of -2 + 3 - (u + -16)?
2
Let l(z) = z**3 + 12*z**2 + 10*z - 7. Let g be l(-11). Let j(a) = 18*a + 6. List the prime factors of j(g).
2, 3, 13
Suppose 10 = m + m. Suppose -m*b + 26 = -4*o, -3*b = -0*b + 5*o - 23. What are the prime factors of b?
2, 3
Suppose 0 = 13*h - 6*h - 12418. List the prime factors of h.
2, 887
Suppose -20 = -2*w - 2*w - 2*b, -5*w = -4*b + 1. Suppose w*a - 570 = -0*a. List the prime factors of a.
2, 5, 19
Let o = 78 - -7. Suppose -x = -3*z + 49, -3*z = 2*z - 5*x - o. List the prime factors of z + -10 + -1 + 0.
5
Let p = 63 + -54. List the prime factors of -62*(1 - p/6).
31
Suppose 2085 = -36*i + 41*i. List the prime factors of i.
3, 139
Let y(n) = -60 + n + 0*n + 56. Let b be y(6). Suppose 3*c = -3*t + 228, 5*c + b*t - 370 = 7*t. List the prime factors of c.
3, 5
What are the prime factors of 46/(-253) + (-10045)/(-11)?
11, 83
Let c = 0 - -10. Suppose -2*g - 3*a = -93, c = 3*g - 3*a - 137. Suppose -129 = -3*t - g. What are the prime factors of t?
3
Let l = -276 + 150. Let o = -6 - l. What are the prime factors of o?
2, 3, 5
Let t = -322 - -527. Suppose -541 = -4*c - t. What are the prime factors of c?
2, 3, 7
Let u(g) be the second derivative of 0*g**4 + 0 - 1/6*g**3 + 1/2*g**2 + 3/2*g**5 + 3*g. List the prime factors of u(1).
2, 3, 5
What are the prime factors of 4 - (-6 + 308)*-1?
2, 3, 17
Let q = -37 - -475. List the prime factors of q.
2, 3, 73
Let r(o) = o**3 + 25*o**2 - 26*o - 153. List the prime factors of r(-21).
3, 719
Let x(h) be the second derivative of -1/6*h**3 + 9/2*h**2 + 0 - 11*h. List the prime factors of x(0).
3
Let h = 55 - 40. List the prime factors of ((-234)/h)/((-6)/40).
2, 13
Suppose 8*l - 2*l = -42. Let f(z) = -5*z - 13. List the prime factors of f(l).
2, 11
Suppose -2*p + p = 19. Let g be (-3)/(-12) - p/4. Suppose 0*w = 3*w - 2*t - 69, 0 = -3*w + g*t + 78. List the prime factors of w.
3, 7
List the prime factors of 1/1*124/(-62) - -242.
2, 3, 5
Suppose 25*a + 2820 = 4*i + 30*a, 2*i - 1410 = -a. What are the prime factors of i?
3, 5, 47
Let a(s) = -2*s**3 - 21*s**2 + 11*s + 14. Let m be a(-11). Suppose 0 = 18*j - m*j - 68. List the prime factors of j.
17
Let o(q) = -q**3 - 4*q**2 + 3. Let f be o(-4). Suppose a - f*w - 27 = 0, -2*w - 128 = -3*a - a. What are the prime factors of a?
3, 11
Let w(y) = y**2. Let q(n) = -2*n**2 + 27. Let f(x) = -q(x) + 5*w(x). List the prime factors of f(5).
2, 37
What are the prime factors of (306/(-10))/((-45)/150)?
2, 3, 17
Let r = 300 - -452. What are the prime factors of r?
2, 47
Suppose 13*m - m - 660 = 0. List the prime factors of m.
5, 11
Let g(v) = -3 + v**2 + v**3 + 6*v**2 - 3*v**2 - v + 5. What are the prime factors of g(-3)?
2, 7
Let j(o) = o**2 - 17*o - 3. What are the prime factors of j(21)?
3
Let z be (-6)/(-9) - (-102)/(-18). List the prime factors of (-1)/5*z - -102.
103
Suppose 2 = 4*v + 2*r, 3*v - r = r - 2. Let w(l) = -l**3. Let m be w(v). Let b(x) = -x**3 - 2*x**2 + x + 12. What are the prime factors of b(m)?
2, 3
Let a = 38 - 33. Suppose -a*x - 167 = -852. What are the prime factors of x?
137
Suppose 292 = 4*l - 4*y, 3*l + 3*y - 278 = -53. Let b = -38 + l. What are the prime factors of b?
2, 3
Suppose 5*y - 56 + 211 = 0. Let g = y + 58. What are the prime factors of g?
3
Suppose 35 + 0 = 5*o. Suppose 0 = -3*j + z + o, -3*j + 0*j - 1 = -5*z. Suppose 0*v - 30 = -j*v. List the prime factors of v.
2, 5
Let s = -487 + 779. What are the prime factors of s?
2, 73
Suppose -j = -5*j + 16. Suppose -2*x - j*s = -0*x + 4, -6 = 3*s. Suppose 0*p + 145 = 5*k - 4*p, -145 = -5*k + x*p. What are the prime factors of k?
29
Let y be (5/2)/((-6)/(-288)). Suppose -5*a = 5*l - 0*a - y, 0 = 3*l + 2*a - 76. Suppose -6*w + l = -8. What are the prime factors of w?
2, 3
List the prime factors of (272/20)/(896/(-150) + 6).
2, 3, 5, 17
Let i = -2 + 0. Let f = i + 7. Suppose -4*w = -2*n + 14 - 2, f*n = 5*w + 55. List the prime factors of n.
2
Let x be (-6 - -12 - 6) + 1*12. Suppose -224 = -2*i + 5*a, -2 + x = -5*a. What are the prime factors of i?
107
Let a(j) = j**2 - 7*j - 2. Let f(u) = -u**2 - 15*u + 13. Let c be f(-15). What are the prime factors of a(c)?
2, 19
Suppose d - 2*s = 0, 0*s = -d - 4*s + 18. Let j(p) = 28*p - 38. List the prime factors of j(d).
2, 5, 13
Suppose 34*p - 35*p = 7. Let v(f) = -2*f**3 - 10*f**2 + 5*f + 4. List the prime factors of v(p).
3, 5, 11
Suppose -2*i - 3*p + p + 1120 = 0, -5*p - 584 = -i. What are the prime factors of i?
2, 3, 47
Let x = -4 + 8. Let i(y) = -y**3 + 7*y + 3 + x*y**3 + y**3 - 9*y**2 - 5*y**3. What are the prime factors of i(-10)?
3, 11
Suppose 4*s + 2*n - 6 = 0, -8 = -8*s + 3*s - 3*n. Suppose 0 = 2*b + s - 5. Suppose 7*z = b*z + 330. What are the prime factors of z?
2, 3, 11
Let t = -13 - -7. Let k(b) = b**2 + 13*b + 11. Let v be k(t). Let r = -20 - v. List the prime factors of r.
11
Let q = 1415 - 951. Suppose 5*k - q - 36 = 0. Suppose 0 = -4*b + k. What are the prime factors of b?
5
Let r = 4818 + -2648. What are the prime factors of r?
2, 5, 7, 31
What are the prime factors of (-54)/10 - -5 - 7911/(-15)?
17, 31
Let q(g) = g**2 - 4*g - 14. Let z be q(6). Let j be (-3)/2 + (-1)/2. List the prime factors of j/((-4)/z) - -6.
5
Suppose -4*n = 4 + 72. Let l(z) = 2*z**2 + 7*z + 5. Let b be l(3). Let x = b + n. List the prime factors of x.
5
Suppose 3*u = -2*b + 240, 3*b + 6*u - u - 361 = 0. List the prime factors of b.
3, 13
Suppose 105 = -8*k + 3*k. Let p be (-6)/2*560/k. Let t = -51 + p. List the prime factors of t.
29
Let w(q) = q**3 - 7*q**2 + 41*q - 285. List the prime factors of w(15).
2, 3, 5, 71
Let x be 120/36*126/5. Let c be -30*(x/(-8))/(-7). Let q = -18 - c. What are the prime factors of q?
3
Let l(f) = 732*f - 257. What are the prime factors of l(5)?
41, 83
Suppose 48822 = 16*k + 7126. List the prime factors of k.
2, 1303
Let b(o) = 17*o**3 - o**2 + o - 1. Let d = 29 - 34. Let z = 6 + d. List the prime factors of b(z).
2
Suppose -3*x + a = 2, 6*a - a = 5*x - 10. Let q(l) = 6*l**2 + 2*l + 2. What are the prime factors of q(x)?
2, 11
Let o(f) = 3*f - 7. Suppose 5*d - 9 - 11 = 0. Let m be o(d). Suppose -8 = -w + 4*n + 39, -226 = -3*w - m*n. List the prime factors of w.
67
Suppose 7 - 2 = -a. Let x(w) = -3*w**2 - 4*w - 11. Let m(s) = -2*s**2 - 4*s - 11. Let q(b) = 5*m(b) - 4*x(b). List the prime factors of q(a).
59
Let s(x) = -x**3 - 3*x**2 - 2*x. Let p be s(-2). List the prime factors of 1*(-1 - p)*-56.
2, 7
Let s(m) = 455*m + 58. What are the prime factors of s(3)?
1423
Let v = 25 - 29. Let s(u) = 2*u**2 + 4*u - 7. List the prime factors of s(v).
3
Suppose 19 - 7 = -2*m. Let j(a) = 2*a + 7*a**2 + a**3 + 2 + 3*a - a. What are the prime factors of j(m)?
2, 7
Let f = -1196 - -1480. List the prime factors of f.
2,